 - 2*x. What is the remainder when x is divided by 17?
15
Let j(g) = g**2 - 2*g - 4. Let x be j(-4). Suppose -x = 8*w - 9*w. What is the remainder when 79 is divided by w?
19
Let o(v) = 2*v**3 - v**2 - 2 - v**3 - 2. Suppose 108 + 0 = 4*n. What is the remainder when n is divided by o(3)?
13
Suppose -5*q - 10 = 5*o, 2 = -0*o - o - 2*q. Let r = o - -9. Calculate the remainder when 10 is divided by r.
3
Let o = -28978 + 28982. Suppose 4*q + h - 37 = 0, 2*h - 3 = -3*q + 31. What is the remainder when q is divided by o?
0
Let g(k) = -k**2 - 10*k + 26. Let r = 25 - 15. What is the remainder when g(-11) is divided by r?
5
What is the remainder when (-652)/(-10 + 6) - 12 is divided by 28?
11
Suppose -36 + 0 = -3*z. Let q(v) = -v**2 - v. Let i(m) = -2*m**2 - 14*m - 1. Let w(h) = i(h) - 4*q(h). What is the remainder when w(8) is divided by z?
11
Suppose 0 = 6*m - 326 - 832. What is the remainder when m is divided by 70?
53
Let i(t) be the second derivative of t**4/12 + 7*t**3/6 + 8*t**2 - 9*t. What is the remainder when i(-6) is divided by 6?
4
Let o(t) = -t**3 + 62*t**2 + 63*t + 12. What is the remainder when 411 is divided by o(63)?
3
Let c(d) = d**3 - 14*d + 2. Let o be c(6). Suppose -3*v = r - 124, 2*r - 13 = 3*v - o. Calculate the remainder when v is divided by 22.
19
Let k = 1911 + -288. What is the remainder when k is divided by 25?
23
Let d be (-5)/(-10) + 11/2. Suppose 3*c - d*c = 3. What is the remainder when 19 is divided by (c - 3)*(-11)/4?
8
Let g(i) be the third derivative of i**6/120 - i**5/15 + i**4/6 - 8*i**2. Calculate the remainder when 87 is divided by g(5).
42
Suppose 3*w = 7*w - n - 412, 0 = 4*w + 4*n - 412. Calculate the remainder when w is divided by 23.
11
Suppose 27*n = 26*n + 144. Suppose 8*z - n = -4*z. Calculate the remainder when 57 is divided by z.
9
Let f(y) = -y**3 + 6*y**2 - 12. Calculate the remainder when 76 is divided by f(4).
16
Let r be -1 + 0 + 1 - -10. Suppose -v = -2 - r. Let j = -703 + 724. What is the remainder when j is divided by v?
9
Suppose -46*h + 52*h = 528. Calculate the remainder when h is divided by 49.
39
Let p(k) = -8*k - 15. Suppose 0*l - l = -5*i - 16, 3*l + 28 = -4*i. What is the remainder when 49 is divided by p(l)?
15
Let t(h) = 4*h - 32. Let w(g) = g + 8. Let j be w(7). What is the remainder when t(j) is divided by 0 - 1*22/(-2)?
6
Suppose -48 = -4*z - 16. Suppose -z*y + y = -231. Calculate the remainder when 97 is divided by y.
31
Let k(b) = -b**3 - 13*b**2 + 28*b - 6. Calculate the remainder when 146 is divided by k(-15).
2
Suppose 4*s + t = 499, -4*s + 3*t + 589 - 86 = 0. What is the remainder when s is divided by 19?
11
Let b = -2030 - -2217. What is the remainder when b is divided by 182?
5
What is the remainder when 6/((-7)/126*-9) is divided by 6?
0
Let n = 1821 + -1793. What is the remainder when 120 is divided by n?
8
Let f(y) = 4*y - 32. Let u(t) = -5*t + 12. Let k be u(0). What is the remainder when 78 is divided by f(k)?
14
Suppose o + 3 = -3*a - 3, -5*o = -2*a - 21. Calculate the remainder when (-2 - (-14)/6)*51 is divided by o.
2
Let d(l) = 3*l + 8. Let x be d(-7). Let i = -20 - x. What is the remainder when 7 is divided by (42/i)/(-4 + 2)?
1
Suppose 5*o - 14 = 1, 15 = -2*b - 5*o. Let v = -7 - b. Calculate the remainder when 21 is divided by v.
5
Let a = -929 - -1000. What is the remainder when a is divided by 19?
14
Let d = -512 + 518. Calculate the remainder when 29 is divided by d.
5
Suppose -v + r + 13 = 0, 5*r = r + 12. Suppose f - v = -f. Suppose -3*q = 2*d - f*q - 42, -3*d + 37 = -q. What is the remainder when 32 is divided by d?
10
Let s = 192 - 91. Calculate the remainder when s is divided by 51.
50
Let t be 9/(-2)*(-20)/15. Let s be t/(-5) - 1/(-5). What is the remainder when 28 is divided by 8 + (0 - -3) + s?
8
Suppose -3*t + 19 = -452. Calculate the remainder when t is divided by 41.
34
Suppose 0 = -q - 2*d + 24, -4*q + 5*q + 5*d = 39. Calculate the remainder when 66 is divided by q.
10
Let o(k) = -91*k + 65. Calculate the remainder when o(-4) is divided by 31.
26
Suppose -6*i + 8 = -52. Suppose 4*p + 4*y = 20, -2*p + 2*y = -0*p - 18. What is the remainder when p is divided by 60/i + -5 + 1?
1
Let s = -2111 - -2138. Calculate the remainder when 99 is divided by s.
18
Let s(i) = 6*i**2 - 48*i - 44. Suppose 96 + 44 = 5*j. Calculate the remainder when j is divided by s(9).
8
Let n = -40 - -146. Calculate the remainder when n is divided by 36.
34
Let l(g) = g**3 - 13*g**2 - 20*g + 89. What is the remainder when 58 is divided by l(14)?
3
Suppose -2*r + 2 = 2*d, 4*d - 13*r = -11*r + 34. Suppose -d*q = -22*q + 96. What is the remainder when q is divided by 2?
0
Suppose -28 = -55*v + 54*v. Calculate the remainder when v is divided by 15/3*(3 + 0).
13
Let c = 76 - 77. Calculate the remainder when (27/(-36))/(((-2)/(-128))/c) is divided by 17.
14
Suppose -5*b = -47 - 3. Suppose 65 = 23*p + 102 - 474. What is the remainder when p is divided by b?
9
Suppose 3*w - 1 - 5 = 4*b, 5*w = 5*b + 5. Let k(a) = -2*a**3 - 3*a**2 - 4*a - 3. Calculate the remainder when k(-2) is divided by 1/(b/(-3)) - -2.
0
Let h = 3 + 6. Calculate the remainder when 2/(-1) - (0/2 - 18) is divided by h.
7
Suppose 4 - 12 = 2*k. Let z = k - -12. Suppose -z*p + 10*p = 14. Calculate the remainder when 19 is divided by p.
5
Let z(x) = -3*x**2 + 47*x - 19. Let r = 96 - 66. Let a = r + -10. What is the remainder when a is divided by z(15)?
9
Let l be (-3)/((-2)/8*3). Suppose -4*q + l = -2*q. Suppose 4*k - 4*p = -0*k + 104, -q*p = 5*k - 95. Calculate the remainder when 61 is divided by k.
19
Let r = 172 + -93. Suppose -5*c + r = -51. Calculate the remainder when 49 is divided by c.
23
Let b = 15 - 12. Let y be (-29)/(-5)*15/b. Suppose -5*h = 3*n - 33, -4*h + 4*n + 23 + y = 0. What is the remainder when 53 is divided by h?
8
Let k = 68 - 49. Calculate the remainder when k is divided by 162/15 + 2/10.
8
Suppose -2*t + 78 = 2*p, -11*t + 20 = -6*t. Let k(i) = i**2 + 8*i + 8. Let j be k(-6). What is the remainder when p is divided by j/(-6) - (-272)/24?
11
Suppose 198 - 608 = -5*k. What is the remainder when k is divided by 13?
4
Let h(r) = -r**2 + 7*r + 2. What is the remainder when 127 is divided by h(6)?
7
Let w be 6*(-4 - (-45)/10). What is the remainder when 35 is divided by (-2*w)/(-3) - -7?
8
Let b(l) be the first derivative of l**4/4 - 4*l**3/3 - l**2 + 3*l - 5. Let g be b(5). Suppose 3*f - 108 = -g. What is the remainder when f is divided by 11?
8
Suppose -3*c + 5*w + 67 = 0, 3*w + 45 = c + c. Let s = 37 - c. What is the remainder when 38 is divided by s?
12
Suppose -2*l - 2*g + 144 = 0, -l - 5*g = -50 - 38. What is the remainder when l is divided by 14?
12
Let a(b) = 267*b + 562. Calculate the remainder when a(0) is divided by 95.
87
Let b(j) = 4*j - 7. Let x(a) = a**2 - 33*a + 69. What is the remainder when x(34) is divided by b(5)?
12
Suppose -16 = 5*n - 276. Let b = 115 - 88. Calculate the remainder when n is divided by b.
25
Let y(w) = w**2 - 29*w + 129. Calculate the remainder when 38 is divided by y(24).
2
Let x = 154 + -215. Let h = x + 219. Calculate the remainder when h is divided by 53.
52
Suppose -n + 24*n = 115. Calculate the remainder when 156 is divided by n.
1
Suppose -5*n - 11 = h, -5*h = -2*h + 4*n - 11. Suppose -290 = -h*b + 16. Calculate the remainder when b is divided by 18.
16
Let w(i) = -8*i + 189. What is the remainder when w(5) is divided by 26?
19
Suppose 3*q - 6 = 6. Let c(r) be the third derivative of 3*r**4/4 - 77*r**3/6 + 8*r**2 + 3. What is the remainder when c(5) is divided by q?
1
Suppose -5*f = 0, -2*r + 5*f + 195 = -203. What is the remainder when r is divided by 49?
3
Let t(j) = 2*j**2 + 3*j - 3. Let g be (-180)/45*-4*1. Suppose -s + 17 = -5*r - g, -3*s - 4*r = -23. What is the remainder when s is divided by t(-3)?
1
Suppose n = -n + 40. Let j = 1812 + -1753. What is the remainder when j is divided by n?
19
Let v = -374 - -391. Calculate the remainder when 185 is divided by v.
15
What is the remainder when (-17 + 16)/(3/(3*-181)) is divided by 168?
13
Let q(n) = -n**3 + 8*n**2 - 4*n + 5. Let d be q(5). Suppose -y = -5*y + d. Let g = -7 - -16. Calculate the remainder when y is divided by g.
6
Suppose -43 = -4*b + 4*s - 11, 0 = -3*b - 5*s + 40. Calculate the remainder when 2